{"id":216,"date":"2015-07-24T11:48:29","date_gmt":"2015-07-24T11:48:29","guid":{"rendered":"http:\/\/robles.compsaonline.com\/?page_id=216&#038;lang=es"},"modified":"2021-06-21T14:59:16","modified_gmt":"2021-06-21T14:59:16","slug":"flota","status":"publish","type":"page","link":"https:\/\/www.atrobles.es\/?page_id=216","title":{"rendered":"Flota-vella"},"content":{"rendered":"<div class=\"fusion-fullwidth fullwidth-box\" style=\"background-attachment:scroll;background-position:left top;background-repeat:no-repeat;-webkit-background-size:cover;-moz-background-size:cover;-o-background-size:cover;background-size:cover;border-bottom-width: 0px;border-top-width: 0px;border-bottom-style: solid;border-top-style: solid;padding-bottom:20px;padding-left:0px;padding-right:0px;padding-top:20px;\"><div class=\"avada-row\"><div class=\"fusion-title title\"><h1 class=\"title-heading-left\">Nuestros camiones<\/h1><div class=\"title-sep-container\"><div class=\"title-sep sep-single\"><\/div><\/div><\/div><div class='one_half'>\n\t\t\t\t\tEn los dos \u00faltimos a\u00f1os, Robles ha habido un cambio en la pol\u00edtica de compra de veh\u00edculos.\nSi anteriormente se trabajaba con una sola marca, en la actualidad disponemos de veh\u00edculos de diferentes marcas para as\u00ed poder comparar entre las tecnolog\u00edas que nos ofrecen los diferentes fabricantes y conocer de primera mano cu\u00e1les se adaptan m\u00e1s a nuestras rutas y necesidades.<\/p>\n<p>Ahora mismo disponemos de veh\u00edculos de las marcas Scania, Iveco, Renault, Mercedes y con previsi\u00f3n de que se incorpore Man. De esta manera acumulamos una flota propia compuesta por casi 100 veh\u00edculos, con una antig\u00fcedad inferior a los 2 a\u00f1os, cumpliendo las normativas Euro V y Euro VI.<\/p>\n<p>Gracias a la tipolog\u00eda de nuestros veh\u00edculos, tr\u00e1iler frigor\u00edfico y cami\u00f3n r\u00edgido frigor\u00edfico de 2 ejes, hace que seamos especialmente competentes dentro del sector de la mercanc\u00eda refrigerada y de la distribuci\u00f3n.\n\t\t\t\t<\/div><div class='one_half'>\n\t\t\t\t\t<div class=\"divflota2\">\n<p>Todos nuestros veh\u00edculos est\u00e1n dotados de term\u00f3grafos para poder realizar un control de la temperatura y garantizar la cadena de fr\u00edo.<\/p>\n<p>Disponemos de veh\u00edculos Multitemperatura equipados con separadores de mercanc\u00eda especialmente adaptados para satisfacer las necesidades del sector de la distribuci\u00f3n.<\/p>\n<p>Contamos con la \u00faltima tecnolog\u00eda con sistemas de seguimiento y control de flotas para garantizar un mayor control y seguridad de su carga.<\/p>\n<\/div>\n\t\t\t\t<\/div><\/div><\/div><section id=\"huge_it_gallery_content_2\" class=\"gallery-img-content\"\n         data-rating-type=\"off\">\n\t<div id=\"huge_it_gallery_container_2\"\n\t     data-show-center=\"off\"\n\t     class=\"huge_it_gallery_container super-list variable-sizes clearfix view-lightbox-gallery\">\n\t\t<div id=\"huge_it_gallery_container_moving_2\" class=\"super-list variable-sizes clearfix\">\n\t\t\t<input type=\"hidden\" class=\"pagenum\" value=\"1\"\/>\n\t\t\t\t\t\t<input type=\"hidden\" id=\"total\" value=\"1\"\/>\n\t\t\t\t\t\t\t<div class=\"element element_2\" tabindex=\"0\" data-symbol=\"\" data-category=\"alkaline-earth\">\n\t\t\t\t\t<div class=\"image-block_2\">\n\t\t\t\t\t\t\t\t\t\t\t\t\t\t\t\t\t\t\t\t\t\t\t\t\t\t\t\t\t\t<a href=\"http:\/\/robles.compsaonline.com\/wp-content\/uploads\/2015\/07\/flota1.jpg\"\n\t\t\t\t\t\t\t\t   title=\"\"><img\n\t\t\t\t\t\t\t\t\t\talt=\"\"\n\t\t\t\t\t\t\t\t\t\tid=\"wd-cl-img0\"\n\t\t\t\t\t\t\t\t\t\ttitle=\"\"\n\t\t\t\t\t\t\t\t\t\tsrc=\"https:\/\/www.atrobles.es\/wp-content\/uploads\/2015\/07\/flota1.jpg\"\/><\/a>\n\t\t\t\t\t\t\t\t\t\t\t\t\t\t\t\t\t\t\t\t<\/div>\n\t\t\t\t\t\t\t\t\t\t\t\t\t\t<\/div>\n\t\t\t\t\t\t\t\t<div class=\"element element_2\" tabindex=\"0\" data-symbol=\"\" data-category=\"alkaline-earth\">\n\t\t\t\t\t<div class=\"image-block_2\">\n\t\t\t\t\t\t\t\t\t\t\t\t\t\t\t\t\t\t\t\t\t\t\t\t\t\t\t\t\t\t<a href=\"http:\/\/robles.compsaonline.com\/wp-content\/uploads\/2015\/07\/flota2.jpg\"\n\t\t\t\t\t\t\t\t   title=\"\"><img\n\t\t\t\t\t\t\t\t\t\talt=\"\"\n\t\t\t\t\t\t\t\t\t\tid=\"wd-cl-img1\"\n\t\t\t\t\t\t\t\t\t\ttitle=\"\"\n\t\t\t\t\t\t\t\t\t\tsrc=\"https:\/\/www.atrobles.es\/wp-content\/uploads\/2015\/07\/flota2.jpg\"\/><\/a>\n\t\t\t\t\t\t\t\t\t\t\t\t\t\t\t\t\t\t\t\t<\/div>\n\t\t\t\t\t\t\t\t\t\t\t\t\t\t<\/div>\n\t\t\t\t\t\t\t\t<div class=\"element element_2\" tabindex=\"0\" data-symbol=\"\" data-category=\"alkaline-earth\">\n\t\t\t\t\t<div class=\"image-block_2\">\n\t\t\t\t\t\t\t\t\t\t\t\t\t\t\t\t\t\t\t\t\t\t\t\t\t\t\t\t\t\t<a href=\"http:\/\/robles.compsaonline.com\/wp-content\/uploads\/2015\/07\/flota3.jpg\"\n\t\t\t\t\t\t\t\t   title=\"\"><img\n\t\t\t\t\t\t\t\t\t\talt=\"\"\n\t\t\t\t\t\t\t\t\t\tid=\"wd-cl-img2\"\n\t\t\t\t\t\t\t\t\t\ttitle=\"\"\n\t\t\t\t\t\t\t\t\t\tsrc=\"https:\/\/www.atrobles.es\/wp-content\/uploads\/2015\/07\/flota3.jpg\"\/><\/a>\n\t\t\t\t\t\t\t\t\t\t\t\t\t\t\t\t\t\t\t\t<\/div>\n\t\t\t\t\t\t\t\t\t\t\t\t\t\t<\/div>\n\t\t\t\t\t\t\t\t<div class=\"element element_2\" tabindex=\"0\" data-symbol=\"\" data-category=\"alkaline-earth\">\n\t\t\t\t\t<div class=\"image-block_2\">\n\t\t\t\t\t\t\t\t\t\t\t\t\t\t\t\t\t\t\t\t\t\t\t\t\t\t\t\t\t\t<a href=\"http:\/\/web2.atrobles.com\/wp-content\/uploads\/2015\/11\/flota5.jpg\"\n\t\t\t\t\t\t\t\t   title=\"\"><img\n\t\t\t\t\t\t\t\t\t\talt=\"\"\n\t\t\t\t\t\t\t\t\t\tid=\"wd-cl-img3\"\n\t\t\t\t\t\t\t\t\t\ttitle=\"\"\n\t\t\t\t\t\t\t\t\t\tsrc=\"https:\/\/www.atrobles.es\/wp-content\/uploads\/2015\/11\/flota5.jpg\"\/><\/a>\n\t\t\t\t\t\t\t\t\t\t\t\t\t\t\t\t\t\t\t\t<\/div>\n\t\t\t\t\t\t\t\t\t\t\t\t\t\t<\/div>\n\t\t\t\t\t\t<\/div>\n\t\t<div style=\"clear:both;\"><\/div>\n\t<\/div>\n\t\n\n<\/section><style>\n.gallery-img-content a{\n    border-bottom: none;\n}\n.element_2 {\n    max-width:275px;\n    margin:0 2px 10px 0;\n    border:0px solid #eeeeee;\n    border-radius:3px;\n    outline:none;\n    overflow:hidden;\n}\n.element_2 .image-block_2 {\n    position:relative;\n    width: 100%;\n\twidth:275px;\n    max-width:275px;\n}\n.element_2 .image-block_2 a {display:block;}\n.element_2 .image-block_2 img {\n    width: 100%;\n    max-width:275px !important;\n    height:auto;\n    display:block;\n    border-radius: 0 !important;\n    box-shadow: 0 0 0 rgba(0, 0, 0, 0) !important;\n}\n.element_2 .image-block_2 img:hover {\n    cursor: -webkit-zoom-in; cursor: -moz-zoom-in;\n}\n.element_2 .image-block_2 .play-icon {\n    position:absolute;\n    top:0;\n    left:0;\n    width:100%;\n    height:100%;\n}\n\n.element_2:hover .title-block_2 {bottom:0;}\n.element_2 .title-block_2 a, .element_2 .title-block_2 a:link, .element_2 .title-block_2 a:visited, .element_2 .title-block_2 {\n    position:relative;\n    margin:0;\n    padding:0 1% 0 2%;\n    width:97%;\n    text-decoration:none !important;\n    text-overflow: ellipsis;\n    overflow: hidden;\n    white-space:nowrap;\n    z-index:20;\n    font-size: 16px;\n    color:#0074A2;\n    font-weight:normal;\n}\n.element_2 .image-block_2  .play-icon.youtube-icon {background:url(https:\/\/www.atrobles.es\/wp-content\/plugins\/gallery-images\/assets\/images..\/admin_images\/play.youtube.png) center center no-repeat;}\n.element_2 .image-block_2  .play-icon.vimeo-icon {background:url(https:\/\/www.atrobles.es\/wp-content\/plugins\/gallery-images\/assets\/images..\/admin_images\/play.vimeo.png) center center no-repeat;}\n.element_2 .title-block_2 {\n    position:absolute;\n    left:0;\n    width:100%;\n    padding-top:5px;\n    height: 36px;\n    bottom:-41px;\n    background: rgba(0,0,0,0.8)  !important;\n    -webkit-transition: bottom 0.3s ease-out 0.1s;\n    -moz-transition: bottom 0.3s ease-out 0.1s;\n    -o-transition: bottom 0.3s ease-out 0.1s;\n    transition: bottom 0.3s ease-out 0.1s;\n}\n.element_2 .title-block_2 a:hover, .element_2 .title-block_2 a:focus, .element_2 .title-block_2 a:active {\n    color:#2EA2CD;\n    text-decoration:none;\n}\n.load_more4 {\n    margin: 10px 0;\n    position:relative;\n    text-align:center;\n    width:100%;\n}\n.load_more_button4 {\n    border-radius: 10px;\n    display:inline-block;\n    padding:5px 15px;\n    font-size:16px !important;;\n    color:#FF0D0D !important;;\n    background:#5CADFF !important;\n    cursor:pointer;\n}\n.load_more_button4:hover{\n    color:#FF4040 !important;\n    background:#99C5FF !important;\n}\n.loading4 {\n    display:none;\n}\n.paginate4{\n    font-size:19px !important;\n    color:#FF2C2C !important;\n    text-align: center;\n    margin-top: 25px;\n}\n.paginate4 a{\n    border-bottom: none !important;\n}\n.icon-style4{\n    font-size: 21px !important;\n    color:#B82020 !important;\n}\n.clear{\n    clear:both;\n}\n@media screen and (max-width: 480px){\n    .element_2{\n        max-width:100% !important;\n    }\n}\n<\/style>\n","protected":false},"excerpt":{"rendered":"","protected":false},"author":1,"featured_media":0,"parent":0,"menu_order":0,"comment_status":"open","ping_status":"open","template":"","meta":{"_et_pb_use_builder":"","_et_pb_old_content":"","_et_gb_content_width":""},"_links":{"self":[{"href":"https:\/\/www.atrobles.es\/index.php?rest_route=\/wp\/v2\/pages\/216"}],"collection":[{"href":"https:\/\/www.atrobles.es\/index.php?rest_route=\/wp\/v2\/pages"}],"about":[{"href":"https:\/\/www.atrobles.es\/index.php?rest_route=\/wp\/v2\/types\/page"}],"author":[{"embeddable":true,"href":"https:\/\/www.atrobles.es\/index.php?rest_route=\/wp\/v2\/users\/1"}],"replies":[{"embeddable":true,"href":"https:\/\/www.atrobles.es\/index.php?rest_route=%2Fwp%2Fv2%2Fcomments&post=216"}],"version-history":[{"count":8,"href":"https:\/\/www.atrobles.es\/index.php?rest_route=\/wp\/v2\/pages\/216\/revisions"}],"predecessor-version":[{"id":749,"href":"https:\/\/www.atrobles.es\/index.php?rest_route=\/wp\/v2\/pages\/216\/revisions\/749"}],"wp:attachment":[{"href":"https:\/\/www.atrobles.es\/index.php?rest_route=%2Fwp%2Fv2%2Fmedia&parent=216"}],"curies":[{"name":"wp","href":"https:\/\/api.w.org\/{rel}","templated":true}]}}