{"id":223,"date":"2015-07-24T12:02:27","date_gmt":"2015-07-24T12:02:27","guid":{"rendered":"http:\/\/robles.compsaonline.com\/?page_id=223&#038;lang=es"},"modified":"2015-07-28T08:10:30","modified_gmt":"2015-07-28T08:10:30","slug":"llarga-distancia","status":"publish","type":"page","link":"https:\/\/www.atrobles.es\/?page_id=223","title":{"rendered":"Larga distancia"},"content":{"rendered":"<div class='one_half'>\n\t\t\t\t\t<div class=\"imageframe-align-center\"><span class=\"fusion-imageframe imageframe imageframe-none imageframe-1 fusion-animated\" data-animationType=\"fadeInDown\" data-animationDuration=\"0.3\"> <img src=\"http:\/\/robles.compsaonline.com\/wp-content\/uploads\/2015\/07\/img-distancia-1-300x217.png\" alt=\"\" class=\"img-responsive\" \/><\/span><\/div><div class=\"fusion-sep-clear\"><\/div><div class=\"fusion-separator fusion-full-width-sep sep-double\" style=\"margin-top:20px;margin-bottom:20px;\"><\/div>\n<p style=\"text-align: center;\">Realizamos trayectos con cargas completas entre cualquier punto del territorio nacional as\u00ed como del sur de Francia, uniendo tanto las capitales de provincia como las poblaciones mas alejadas.<\/p>\n\t\t\t\t<\/div><div class='one_half'>\n\t\t\t\t\t<div class=\"imageframe-align-center\"><span class=\"fusion-imageframe imageframe imageframe-none imageframe-2 fusion-animated\" data-animationType=\"fadeInDown\" data-animationDuration=\"0.3\"> <img src=\"http:\/\/robles.compsaonline.com\/wp-content\/uploads\/2015\/07\/img-distancia-2-300x217.png\" alt=\"\" class=\"img-responsive\" \/><\/span><\/div><div class=\"fusion-sep-clear\"><\/div><div class=\"fusion-separator fusion-full-width-sep sep-double\" style=\"margin-top:20px;margin-bottom:20px;\"><\/div>\n<p style=\"text-align: center;\">Mantenemos siempre un estricto control de la temperatura durante todo el trayecto con el fin de conservar la mercanc\u00eda en las mejores condiciones y calculamos las rutas m\u00e1s \u00f3ptimas de manera que nos permita reducir costes para ofrecer un mejor precio.<\/p>\n\t\t\t\t<\/div>\n","protected":false},"excerpt":{"rendered":"","protected":false},"author":1,"featured_media":0,"parent":0,"menu_order":0,"comment_status":"open","ping_status":"open","template":"","meta":{"_et_pb_use_builder":"","_et_pb_old_content":"","_et_gb_content_width":""},"_links":{"self":[{"href":"https:\/\/www.atrobles.es\/index.php?rest_route=\/wp\/v2\/pages\/223"}],"collection":[{"href":"https:\/\/www.atrobles.es\/index.php?rest_route=\/wp\/v2\/pages"}],"about":[{"href":"https:\/\/www.atrobles.es\/index.php?rest_route=\/wp\/v2\/types\/page"}],"author":[{"embeddable":true,"href":"https:\/\/www.atrobles.es\/index.php?rest_route=\/wp\/v2\/users\/1"}],"replies":[{"embeddable":true,"href":"https:\/\/www.atrobles.es\/index.php?rest_route=%2Fwp%2Fv2%2Fcomments&post=223"}],"version-history":[{"count":2,"href":"https:\/\/www.atrobles.es\/index.php?rest_route=\/wp\/v2\/pages\/223\/revisions"}],"predecessor-version":[{"id":337,"href":"https:\/\/www.atrobles.es\/index.php?rest_route=\/wp\/v2\/pages\/223\/revisions\/337"}],"wp:attachment":[{"href":"https:\/\/www.atrobles.es\/index.php?rest_route=%2Fwp%2Fv2%2Fmedia&parent=223"}],"curies":[{"name":"wp","href":"https:\/\/api.w.org\/{rel}","templated":true}]}}